[INFO] cloning repository https://github.com/dmolokanov/mqtt-storage
[INFO] running `Command { std: "git" "-c" "credential.helper=" "-c" "credential.helper=/workspace/cargo-home/bin/git-credential-null" "clone" "--bare" "https://github.com/dmolokanov/mqtt-storage" "/workspace/cache/git-repos/https%3A%2F%2Fgithub.com%2Fdmolokanov%2Fmqtt-storage", kill_on_drop: false }`
[INFO] [stderr] Cloning into bare repository '/workspace/cache/git-repos/https%3A%2F%2Fgithub.com%2Fdmolokanov%2Fmqtt-storage'...
[INFO] running `Command { std: "git" "rev-parse" "HEAD", kill_on_drop: false }`
[INFO] [stdout] f156bd6e8c4c58387cc2ee6d75360ae90f2b1f78
[INFO] building dmolokanov/mqtt-storage against master#ff34b919075f35a1787659e9c448a34b06bab8de for issue-85264
[INFO] running `Command { std: "git" "clone" "/workspace/cache/git-repos/https%3A%2F%2Fgithub.com%2Fdmolokanov%2Fmqtt-storage" "/workspace/builds/worker-1/source", kill_on_drop: false }`
[INFO] [stderr] Cloning into '/workspace/builds/worker-1/source'...
[INFO] [stderr] done.
[INFO] validating manifest of git repo https://github.com/dmolokanov/mqtt-storage on toolchain ff34b919075f35a1787659e9c448a34b06bab8de
[INFO] running `Command { std: "/workspace/cargo-home/bin/cargo" "+ff34b919075f35a1787659e9c448a34b06bab8de" "metadata" "--manifest-path" "Cargo.toml" "--no-deps", kill_on_drop: false }`
[INFO] started tweaking git repo https://github.com/dmolokanov/mqtt-storage
[INFO] finished tweaking git repo https://github.com/dmolokanov/mqtt-storage
[INFO] tweaked toml for git repo https://github.com/dmolokanov/mqtt-storage written to /workspace/builds/worker-1/source/Cargo.toml
[INFO] crate git repo https://github.com/dmolokanov/mqtt-storage already has a lockfile, it will not be regenerated
[INFO] running `Command { std: "/workspace/cargo-home/bin/cargo" "+ff34b919075f35a1787659e9c448a34b06bab8de" "fetch" "--manifest-path" "Cargo.toml", kill_on_drop: false }`
[INFO] [stderr]     Blocking waiting for file lock on package cache
[INFO] [stderr]     Updating crates.io index
[INFO] [stderr]     Blocking waiting for file lock on package cache
[INFO] running `Command { std: "docker" "create" "-v" "/var/lib/crater-agent-workspace/builds/worker-1/target:/opt/rustwide/target:rw,Z" "-v" "/var/lib/crater-agent-workspace/builds/worker-1/source:/opt/rustwide/workdir:ro,Z" "-v" "/var/lib/crater-agent-workspace/cargo-home:/opt/rustwide/cargo-home:ro,Z" "-v" "/var/lib/crater-agent-workspace/rustup-home:/opt/rustwide/rustup-home:ro,Z" "-e" "SOURCE_DIR=/opt/rustwide/workdir" "-e" "CARGO_TARGET_DIR=/opt/rustwide/target" "-e" "CARGO_HOME=/opt/rustwide/cargo-home" "-e" "RUSTUP_HOME=/opt/rustwide/rustup-home" "-w" "/opt/rustwide/workdir" "-m" "1610612736" "--user" "0:0" "--network" "none" "ghcr.io/rust-lang/crates-build-env/linux@sha256:20528e8c29e4536546f0102ce88568b16ea7538393a33fcca951030f7af10457" "/opt/rustwide/cargo-home/bin/cargo" "+ff34b919075f35a1787659e9c448a34b06bab8de" "metadata" "--no-deps" "--format-version=1", kill_on_drop: false }`
[INFO] [stderr] WARNING: Your kernel does not support swap limit capabilities or the cgroup is not mounted. Memory limited without swap.
[INFO] [stdout] 6203defe87223dd4ed775ac8b2790af0891323951745758de6668501c9584ef3
[INFO] running `Command { std: "docker" "start" "-a" "6203defe87223dd4ed775ac8b2790af0891323951745758de6668501c9584ef3", kill_on_drop: false }`
[INFO] running `Command { std: "docker" "inspect" "6203defe87223dd4ed775ac8b2790af0891323951745758de6668501c9584ef3", kill_on_drop: false }`
[INFO] running `Command { std: "docker" "rm" "-f" "6203defe87223dd4ed775ac8b2790af0891323951745758de6668501c9584ef3", kill_on_drop: false }`
[INFO] [stdout] 6203defe87223dd4ed775ac8b2790af0891323951745758de6668501c9584ef3
[INFO] running `Command { std: "docker" "create" "-v" "/var/lib/crater-agent-workspace/builds/worker-1/target:/opt/rustwide/target:rw,Z" "-v" "/var/lib/crater-agent-workspace/builds/worker-1/source:/opt/rustwide/workdir:ro,Z" "-v" "/var/lib/crater-agent-workspace/cargo-home:/opt/rustwide/cargo-home:ro,Z" "-v" "/var/lib/crater-agent-workspace/rustup-home:/opt/rustwide/rustup-home:ro,Z" "-e" "SOURCE_DIR=/opt/rustwide/workdir" "-e" "CARGO_TARGET_DIR=/opt/rustwide/target" "-e" "CARGO_INCREMENTAL=0" "-e" "RUST_BACKTRACE=full" "-e" "RUSTFLAGS=--cap-lints=forbid" "-e" "CARGO_HOME=/opt/rustwide/cargo-home" "-e" "RUSTUP_HOME=/opt/rustwide/rustup-home" "-w" "/opt/rustwide/workdir" "-m" "1610612736" "--user" "0:0" "--network" "none" "ghcr.io/rust-lang/crates-build-env/linux@sha256:20528e8c29e4536546f0102ce88568b16ea7538393a33fcca951030f7af10457" "/opt/rustwide/cargo-home/bin/cargo" "+ff34b919075f35a1787659e9c448a34b06bab8de" "build" "--frozen" "--message-format=json", kill_on_drop: false }`
[INFO] [stdout] f7e912de45e0b5400eb526481eb24f9bc9edabb83cd5bd2161d34b5d4585b2e8
[INFO] [stderr] WARNING: Your kernel does not support swap limit capabilities or the cgroup is not mounted. Memory limited without swap.
[INFO] running `Command { std: "docker" "start" "-a" "f7e912de45e0b5400eb526481eb24f9bc9edabb83cd5bd2161d34b5d4585b2e8", kill_on_drop: false }`
[INFO] [stderr]    Compiling libc v0.2.95
[INFO] [stderr]    Compiling proc-macro2 v1.0.24
[INFO] [stderr]    Compiling unicode-xid v0.2.0
[INFO] [stderr]    Compiling memchr v2.3.3
[INFO] [stderr]    Compiling cfg-if v0.1.10
[INFO] [stderr]    Compiling version_check v0.9.2
[INFO] [stderr]    Compiling syn v1.0.48
[INFO] [stderr]    Compiling unicode-width v0.1.7
[INFO] [stderr]    Compiling log v0.4.14
[INFO] [stderr]    Compiling proc-macro-hack v0.5.19
[INFO] [stderr]    Compiling byteorder v1.3.4
[INFO] [stderr]    Compiling bitflags v1.2.1
[INFO] [stderr]    Compiling regex-syntax v0.6.17
[INFO] [stderr]    Compiling autocfg v1.0.0
[INFO] [stderr]    Compiling quick-error v1.2.3
[INFO] [stderr]    Compiling strsim v0.8.0
[INFO] [stderr]    Compiling ansi_term v0.11.0
[INFO] [stderr]    Compiling bindgen v0.54.0
[INFO] [stderr]    Compiling getrandom v0.2.0
[INFO] [stderr]    Compiling termcolor v1.1.0
[INFO] [stderr]    Compiling scopeguard v1.1.0
[INFO] [stderr]    Compiling lazycell v1.2.1
[INFO] [stderr]    Compiling getrandom v0.1.14
[INFO] [stderr]    Compiling proc-macro-nested v0.1.6
[INFO] [stderr]    Compiling serde v1.0.111
[INFO] [stderr]    Compiling futures-core v0.3.8
[INFO] [stderr]    Compiling smallvec v1.4.2
[INFO] [stderr]    Compiling ryu v1.0.5
[INFO] [stderr]    Compiling futures-sink v0.3.8
[INFO] [stderr]    Compiling once_cell v1.5.2
[INFO] [stderr]    Compiling doc-comment v0.3.3
[INFO] [stderr]    Compiling slab v0.4.2
[INFO] [stderr]    Compiling unicode-segmentation v1.6.0
[INFO] [stderr]    Compiling crc32fast v1.2.1
[INFO] [stderr]    Compiling futures-io v0.3.8
[INFO] [stderr]    Compiling crossbeam-epoch v0.9.5
[INFO] [stderr]    Compiling pin-utils v0.1.0
[INFO] [stderr]    Compiling ppv-lite86 v0.2.8
[INFO] [stderr]    Compiling anyhow v1.0.34
[INFO] [stderr]    Compiling bytes v0.6.0
[INFO] [stderr]    Compiling encode_unicode v0.3.6
[INFO] [stderr]    Compiling number_prefix v0.3.0
[INFO] [stderr]    Compiling thread_local v1.0.1
[INFO] [stderr]    Compiling clang-sys v0.29.3
[INFO] [stderr]    Compiling instant v0.1.8
[INFO] [stderr]    Compiling humantime v1.3.0
[INFO] [stderr]    Compiling textwrap v0.11.0
[INFO] [stderr]    Compiling lock_api v0.4.1
[INFO] [stderr]    Compiling futures-channel v0.3.8
[INFO] [stderr]    Compiling nom v5.1.1
[INFO] [stderr]    Compiling proc-macro-error-attr v1.0.4
[INFO] [stderr]    Compiling proc-macro-error v1.0.4
[INFO] [stderr]    Compiling futures-task v0.3.8
[INFO] [stderr]    Compiling memoffset v0.6.4
[INFO] [stderr]    Compiling tokio v0.3.3
[INFO] [stderr]    Compiling crossbeam-utils v0.8.5
[INFO] [stderr]    Compiling heck v0.3.1
[INFO] [stderr]    Compiling aho-corasick v0.7.10
[INFO] [stderr]    Compiling csv-core v0.1.10
[INFO] [stderr]    Compiling regex-automata v0.1.9
[INFO] [stderr]    Compiling fxhash v0.2.1
[INFO] [stderr]    Compiling quote v1.0.6
[INFO] [stderr]    Compiling jobserver v0.1.21
[INFO] [stderr]    Compiling atty v0.2.14
[INFO] [stderr]    Compiling which v3.1.1
[INFO] [stderr]    Compiling parking_lot_core v0.8.0
[INFO] [stderr]    Compiling terminal_size v0.1.13
[INFO] [stderr]    Compiling dirs v1.0.5
[INFO] [stderr]    Compiling num_cpus v1.13.0
[INFO] [stderr]    Compiling fs2 v0.4.3
[INFO] [stderr]    Compiling mio v0.7.5
[INFO] [stderr]    Compiling signal-hook-registry v1.2.2
[INFO] [stderr]    Compiling clap v2.33.1
[INFO] [stderr]    Compiling cc v1.0.54
[INFO] [stderr]    Compiling rand_core v0.5.1
[INFO] [stderr]    Compiling term v0.5.2
[INFO] [stderr]    Compiling parking_lot v0.11.0
[INFO] [stderr]    Compiling rand_chacha v0.2.2
[INFO] [stderr]    Compiling sled v0.34.6
[INFO] [stderr]    Compiling const-random-macro v0.1.11
[INFO] [stderr]    Compiling rand v0.7.3
[INFO] [stderr]    Compiling regex v1.3.7
[INFO] [stderr]    Compiling const-random v0.1.11
[INFO] [stderr]    Compiling ahash v0.3.8
[INFO] [stderr]    Compiling cexpr v0.4.0
[INFO] [stderr]    Compiling dashmap v3.11.10
[INFO] [stderr]    Compiling libloading v0.5.2
[INFO] [stderr]    Compiling env_logger v0.7.1
[INFO] [stderr]    Compiling console v0.13.0
[INFO] [stderr]    Compiling indicatif v0.15.0
[INFO] [stderr]    Compiling bstr v0.2.13
[INFO] [stderr]    Compiling csv v1.1.3
[INFO] [stderr]    Compiling prettytable-rs v0.8.0
[INFO] [stderr]    Compiling pin-project-internal v1.0.1
[INFO] [stderr]    Compiling futures-macro v0.3.8
[INFO] [stderr]    Compiling snafu-derive v0.6.9
[INFO] [stderr]    Compiling structopt-derive v0.4.13
[INFO] [stderr]    Compiling tokio-macros v0.3.1
[INFO] [stderr]    Compiling pin-project v1.0.1
[INFO] [stderr]    Compiling futures-util v0.3.8
[INFO] [stderr]    Compiling structopt v0.3.20
[INFO] [stderr]    Compiling snafu v0.6.9
[INFO] [stderr]    Compiling queue-file v1.1.0
[INFO] [stderr]    Compiling librocksdb-sys v6.11.4
[INFO] [stderr]    Compiling futures-executor v0.3.8
[INFO] [stderr]    Compiling futures v0.3.8
[INFO] [stderr] The following warnings were emitted during compilation:
[INFO] [stderr] 
[INFO] [stderr] warning: c++: fatal error: Killed signal terminated program cc1plus
[INFO] [stderr] warning: compilation terminated.
[INFO] [stderr] warning: c++: fatal error: Killed signal terminated program cc1plus
[INFO] [stderr] warning: compilation terminated.
[INFO] [stderr] warning: c++: fatal error: Killed signal terminated program cc1plus
[INFO] [stderr] warning: compilation terminated.
[INFO] [stderr] warning: c++: fatal error: Killed signal terminated program cc1plus
[INFO] [stderr] warning: compilation terminated.
[INFO] [stderr] 
[INFO] [stderr] error: failed to run custom build command for `librocksdb-sys v6.11.4`
[INFO] [stderr] 
[INFO] [stderr] Caused by:
[INFO] [stderr]   process didn't exit successfully: `/opt/rustwide/target/debug/build/librocksdb-sys-bb2bad0e13829827/build-script-build` (exit status: 1)
[INFO] [stderr]   --- stdout
[INFO] [stderr]   cargo:rerun-if-changed=rocksdb/
[INFO] [stderr]   TARGET = Some("x86_64-unknown-linux-gnu")
[INFO] [stderr]   OPT_LEVEL = Some("0")
[INFO] [stderr]   HOST = Some("x86_64-unknown-linux-gnu")
[INFO] [stderr]   CXX_x86_64-unknown-linux-gnu = None
[INFO] [stderr]   CXX_x86_64_unknown_linux_gnu = None
[INFO] [stderr]   HOST_CXX = None
[INFO] [stderr]   CXX = None
[INFO] [stderr]   CXXFLAGS_x86_64-unknown-linux-gnu = None
[INFO] [stderr]   CXXFLAGS_x86_64_unknown_linux_gnu = None
[INFO] [stderr]   HOST_CXXFLAGS = None
[INFO] [stderr]   CXXFLAGS = None
[INFO] [stderr]   CRATE_CC_NO_DEFAULTS = None
[INFO] [stderr]   DEBUG = Some("true")
[INFO] [stderr]   CARGO_CFG_TARGET_FEATURE = Some("fxsr,sse,sse2")
[INFO] [stderr]   CXX_x86_64-unknown-linux-gnu = None
[INFO] [stderr]   CXX_x86_64_unknown_linux_gnu = None
[INFO] [stderr]   HOST_CXX = None
[INFO] [stderr]   CXX = None
[INFO] [stderr]   CXXFLAGS_x86_64-unknown-linux-gnu = None
[INFO] [stderr]   CXXFLAGS_x86_64_unknown_linux_gnu = None
[INFO] [stderr]   HOST_CXXFLAGS = None
[INFO] [stderr]   CXXFLAGS = None
[INFO] [stderr]   CRATE_CC_NO_DEFAULTS = None
[INFO] [stderr]   CARGO_CFG_TARGET_FEATURE = Some("fxsr,sse,sse2")
[INFO] [stderr]   CXX_x86_64-unknown-linux-gnu = None
[INFO] [stderr]   CXX_x86_64_unknown_linux_gnu = None
[INFO] [stderr]   HOST_CXX = None
[INFO] [stderr]   CXX = None
[INFO] [stderr]   CXXFLAGS_x86_64-unknown-linux-gnu = None
[INFO] [stderr]   CXXFLAGS_x86_64_unknown_linux_gnu = None
[INFO] [stderr]   HOST_CXXFLAGS = None
[INFO] [stderr]   CXXFLAGS = None
[INFO] [stderr]   CRATE_CC_NO_DEFAULTS = None
[INFO] [stderr]   CARGO_CFG_TARGET_FEATURE = Some("fxsr,sse,sse2")
[INFO] [stderr]   CXX_x86_64-unknown-linux-gnu = None
[INFO] [stderr]   CXX_x86_64_unknown_linux_gnu = None
[INFO] [stderr]   HOST_CXX = None
[INFO] [stderr]   CXX = None
[INFO] [stderr]   CXXFLAGS_x86_64-unknown-linux-gnu = None
[INFO] [stderr]   CXXFLAGS_x86_64_unknown_linux_gnu = None
[INFO] [stderr]   HOST_CXXFLAGS = None
[INFO] [stderr]   CXXFLAGS = None
[INFO] [stderr]   CRATE_CC_NO_DEFAULTS = None
[INFO] [stderr]   CARGO_CFG_TARGET_FEATURE = Some("fxsr,sse,sse2")
[INFO] [stderr]   CXX_x86_64-unknown-linux-gnu = None
[INFO] [stderr]   CXX_x86_64_unknown_linux_gnu = None
[INFO] [stderr]   HOST_CXX = None
[INFO] [stderr]   CXX = None
[INFO] [stderr]   CXXFLAGS_x86_64-unknown-linux-gnu = None
[INFO] [stderr]   CXXFLAGS_x86_64_unknown_linux_gnu = None
[INFO] [stderr]   HOST_CXXFLAGS = None
[INFO] [stderr]   CXXFLAGS = None
[INFO] [stderr]   CRATE_CC_NO_DEFAULTS = None
[INFO] [stderr]   CARGO_CFG_TARGET_FEATURE = Some("fxsr,sse,sse2")
[INFO] [stderr]   running: "c++" "-O0" "-ffunction-sections" "-fdata-sections" "-fPIC" "-g" "-fno-omit-frame-pointer" "-m64" "-I" "rocksdb/include/" "-I" "rocksdb/" "-I" "rocksdb/third-party/gtest-1.8.1/fused-src/" "-I" "snappy/" "-I" "lz4/lib/" "-I" "zstd/lib/" "-I" "zstd/lib/dictBuilder/" "-I" "zlib/" "-I" "bzip2/" "-I" "." "-Wall" "-Wextra" "-std=c++11" "-Wno-unused-parameter" "-msse2" "-msse4.1" "-msse4.2" "-mpclmul" "-DSNAPPY=1" "-DLZ4=1" "-DZSTD=1" "-DZLIB=1" "-DBZIP2=1" "-DNDEBUG=1" "-DHAVE_SSE42=1" "-DHAVE_PCLMUL=1" "-DOS_LINUX=1" "-DROCKSDB_PLATFORM_POSIX=1" "-DROCKSDB_LIB_IO_POSIX=1" "-o" "/opt/rustwide/target/debug/build/librocksdb-sys-6178fb638a737fdb/out/rocksdb/db/blob/blob_log_writer.o" "-c" "rocksdb/db/blob/blob_log_writer.cc"
[INFO] [stderr]   running: "c++" "-O0" "-ffunction-sections" "-fdata-sections" "-fPIC" "-g" "-fno-omit-frame-pointer" "-m64" "-I" "rocksdb/include/" "-I" "rocksdb/" "-I" "rocksdb/third-party/gtest-1.8.1/fused-src/" "-I" "snappy/" "-I" "lz4/lib/" "-I" "zstd/lib/" "-I" "zstd/lib/dictBuilder/" "-I" "zlib/" "-I" "bzip2/" "-I" "." "-Wall" "-Wextra" "-std=c++11" "-Wno-unused-parameter" "-msse2" "-msse4.1" "-msse4.2" "-mpclmul" "-DSNAPPY=1" "-DLZ4=1" "-DZSTD=1" "-DZLIB=1" "-DBZIP2=1" "-DNDEBUG=1" "-DHAVE_SSE42=1" "-DHAVE_PCLMUL=1" "-DOS_LINUX=1" "-DROCKSDB_PLATFORM_POSIX=1" "-DROCKSDB_LIB_IO_POSIX=1" "-o" "/opt/rustwide/target/debug/build/librocksdb-sys-6178fb638a737fdb/out/rocksdb/db/blob/blob_file_addition.o" "-c" "rocksdb/db/blob/blob_file_addition.cc"
[INFO] [stderr]   running: "c++" "-O0" "-ffunction-sections" "-fdata-sections" "-fPIC" "-g" "-fno-omit-frame-pointer" "-m64" "-I" "rocksdb/include/" "-I" "rocksdb/" "-I" "rocksdb/third-party/gtest-1.8.1/fused-src/" "-I" "snappy/" "-I" "lz4/lib/" "-I" "zstd/lib/" "-I" "zstd/lib/dictBuilder/" "-I" "zlib/" "-I" "bzip2/" "-I" "." "-Wall" "-Wextra" "-std=c++11" "-Wno-unused-parameter" "-msse2" "-msse4.1" "-msse4.2" "-mpclmul" "-DSNAPPY=1" "-DLZ4=1" "-DZSTD=1" "-DZLIB=1" "-DBZIP2=1" "-DNDEBUG=1" "-DHAVE_SSE42=1" "-DHAVE_PCLMUL=1" "-DOS_LINUX=1" "-DROCKSDB_PLATFORM_POSIX=1" "-DROCKSDB_LIB_IO_POSIX=1" "-o" "/opt/rustwide/target/debug/build/librocksdb-sys-6178fb638a737fdb/out/rocksdb/db/blob/blob_file_garbage.o" "-c" "rocksdb/db/blob/blob_file_garbage.cc"
[INFO] [stderr]   running: "c++" "-O0" "-ffunction-sections" "-fdata-sections" "-fPIC" "-g" "-fno-omit-frame-pointer" "-m64" "-I" "rocksdb/include/" "-I" "rocksdb/" "-I" "rocksdb/third-party/gtest-1.8.1/fused-src/" "-I" "snappy/" "-I" "lz4/lib/" "-I" "zstd/lib/" "-I" "zstd/lib/dictBuilder/" "-I" "zlib/" "-I" "bzip2/" "-I" "." "-Wall" "-Wextra" "-std=c++11" "-Wno-unused-parameter" "-msse2" "-msse4.1" "-msse4.2" "-mpclmul" "-DSNAPPY=1" "-DLZ4=1" "-DZSTD=1" "-DZLIB=1" "-DBZIP2=1" "-DNDEBUG=1" "-DHAVE_SSE42=1" "-DHAVE_PCLMUL=1" "-DOS_LINUX=1" "-DROCKSDB_PLATFORM_POSIX=1" "-DROCKSDB_LIB_IO_POSIX=1" "-o" "/opt/rustwide/target/debug/build/librocksdb-sys-6178fb638a737fdb/out/rocksdb/cache/lru_cache.o" "-c" "rocksdb/cache/lru_cache.cc"
[INFO] [stderr]   running: "c++" "-O0" "-ffunction-sections" "-fdata-sections" "-fPIC" "-g" "-fno-omit-frame-pointer" "-m64" "-I" "rocksdb/include/" "-I" "rocksdb/" "-I" "rocksdb/third-party/gtest-1.8.1/fused-src/" "-I" "snappy/" "-I" "lz4/lib/" "-I" "zstd/lib/" "-I" "zstd/lib/dictBuilder/" "-I" "zlib/" "-I" "bzip2/" "-I" "." "-Wall" "-Wextra" "-std=c++11" "-Wno-unused-parameter" "-msse2" "-msse4.1" "-msse4.2" "-mpclmul" "-DSNAPPY=1" "-DLZ4=1" "-DZSTD=1" "-DZLIB=1" "-DBZIP2=1" "-DNDEBUG=1" "-DHAVE_SSE42=1" "-DHAVE_PCLMUL=1" "-DOS_LINUX=1" "-DROCKSDB_PLATFORM_POSIX=1" "-DROCKSDB_LIB_IO_POSIX=1" "-o" "/opt/rustwide/target/debug/build/librocksdb-sys-6178fb638a737fdb/out/rocksdb/db/compaction/compaction.o" "-c" "rocksdb/db/compaction/compaction.cc"
[INFO] [stderr]   running: "c++" "-O0" "-ffunction-sections" "-fdata-sections" "-fPIC" "-g" "-fno-omit-frame-pointer" "-m64" "-I" "rocksdb/include/" "-I" "rocksdb/" "-I" "rocksdb/third-party/gtest-1.8.1/fused-src/" "-I" "snappy/" "-I" "lz4/lib/" "-I" "zstd/lib/" "-I" "zstd/lib/dictBuilder/" "-I" "zlib/" "-I" "bzip2/" "-I" "." "-Wall" "-Wextra" "-std=c++11" "-Wno-unused-parameter" "-msse2" "-msse4.1" "-msse4.2" "-mpclmul" "-DSNAPPY=1" "-DLZ4=1" "-DZSTD=1" "-DZLIB=1" "-DBZIP2=1" "-DNDEBUG=1" "-DHAVE_SSE42=1" "-DHAVE_PCLMUL=1" "-DOS_LINUX=1" "-DROCKSDB_PLATFORM_POSIX=1" "-DROCKSDB_LIB_IO_POSIX=1" "-o" "/opt/rustwide/target/debug/build/librocksdb-sys-6178fb638a737fdb/out/rocksdb/cache/clock_cache.o" "-c" "rocksdb/cache/clock_cache.cc"
[INFO] [stderr]   running: "c++" "-O0" "-ffunction-sections" "-fdata-sections" "-fPIC" "-g" "-fno-omit-frame-pointer" "-m64" "-I" "rocksdb/include/" "-I" "rocksdb/" "-I" "rocksdb/third-party/gtest-1.8.1/fused-src/" "-I" "snappy/" "-I" "lz4/lib/" "-I" "zstd/lib/" "-I" "zstd/lib/dictBuilder/" "-I" "zlib/" "-I" "bzip2/" "-I" "." "-Wall" "-Wextra" "-std=c++11" "-Wno-unused-parameter" "-msse2" "-msse4.1" "-msse4.2" "-mpclmul" "-DSNAPPY=1" "-DLZ4=1" "-DZSTD=1" "-DZLIB=1" "-DBZIP2=1" "-DNDEBUG=1" "-DHAVE_SSE42=1" "-DHAVE_PCLMUL=1" "-DOS_LINUX=1" "-DROCKSDB_PLATFORM_POSIX=1" "-DROCKSDB_LIB_IO_POSIX=1" "-o" "/opt/rustwide/target/debug/build/librocksdb-sys-6178fb638a737fdb/out/rocksdb/db/compacted_db_impl.o" "-c" "rocksdb/db/compacted_db_impl.cc"
[INFO] [stderr]   running: "c++" "-O0" "-ffunction-sections" "-fdata-sections" "-fPIC" "-g" "-fno-omit-frame-pointer" "-m64" "-I" "rocksdb/include/" "-I" "rocksdb/" "-I" "rocksdb/third-party/gtest-1.8.1/fused-src/" "-I" "snappy/" "-I" "lz4/lib/" "-I" "zstd/lib/" "-I" "zstd/lib/dictBuilder/" "-I" "zlib/" "-I" "bzip2/" "-I" "." "-Wall" "-Wextra" "-std=c++11" "-Wno-unused-parameter" "-msse2" "-msse4.1" "-msse4.2" "-mpclmul" "-DSNAPPY=1" "-DLZ4=1" "-DZSTD=1" "-DZLIB=1" "-DBZIP2=1" "-DNDEBUG=1" "-DHAVE_SSE42=1" "-DHAVE_PCLMUL=1" "-DOS_LINUX=1" "-DROCKSDB_PLATFORM_POSIX=1" "-DROCKSDB_LIB_IO_POSIX=1" "-o" "/opt/rustwide/target/debug/build/librocksdb-sys-6178fb638a737fdb/out/rocksdb/cache/cache.o" "-c" "rocksdb/cache/cache.cc"
[INFO] [stderr]   running: "c++" "-O0" "-ffunction-sections" "-fdata-sections" "-fPIC" "-g" "-fno-omit-frame-pointer" "-m64" "-I" "rocksdb/include/" "-I" "rocksdb/" "-I" "rocksdb/third-party/gtest-1.8.1/fused-src/" "-I" "snappy/" "-I" "lz4/lib/" "-I" "zstd/lib/" "-I" "zstd/lib/dictBuilder/" "-I" "zlib/" "-I" "bzip2/" "-I" "." "-Wall" "-Wextra" "-std=c++11" "-Wno-unused-parameter" "-msse2" "-msse4.1" "-msse4.2" "-mpclmul" "-DSNAPPY=1" "-DLZ4=1" "-DZSTD=1" "-DZLIB=1" "-DBZIP2=1" "-DNDEBUG=1" "-DHAVE_SSE42=1" "-DHAVE_PCLMUL=1" "-DOS_LINUX=1" "-DROCKSDB_PLATFORM_POSIX=1" "-DROCKSDB_LIB_IO_POSIX=1" "-o" "/opt/rustwide/target/debug/build/librocksdb-sys-6178fb638a737fdb/out/rocksdb/cache/sharded_cache.o" "-c" "rocksdb/cache/sharded_cache.cc"
[INFO] [stderr]   running: "c++" "-O0" "-ffunction-sections" "-fdata-sections" "-fPIC" "-g" "-fno-omit-frame-pointer" "-m64" "-I" "rocksdb/include/" "-I" "rocksdb/" "-I" "rocksdb/third-party/gtest-1.8.1/fused-src/" "-I" "snappy/" "-I" "lz4/lib/" "-I" "zstd/lib/" "-I" "zstd/lib/dictBuilder/" "-I" "zlib/" "-I" "bzip2/" "-I" "." "-Wall" "-Wextra" "-std=c++11" "-Wno-unused-parameter" "-msse2" "-msse4.1" "-msse4.2" "-mpclmul" "-DSNAPPY=1" "-DLZ4=1" "-DZSTD=1" "-DZLIB=1" "-DBZIP2=1" "-DNDEBUG=1" "-DHAVE_SSE42=1" "-DHAVE_PCLMUL=1" "-DOS_LINUX=1" "-DROCKSDB_PLATFORM_POSIX=1" "-DROCKSDB_LIB_IO_POSIX=1" "-o" "/opt/rustwide/target/debug/build/librocksdb-sys-6178fb638a737fdb/out/rocksdb/db/blob/blob_log_format.o" "-c" "rocksdb/db/blob/blob_log_format.cc"
[INFO] [stderr]   running: "c++" "-O0" "-ffunction-sections" "-fdata-sections" "-fPIC" "-g" "-fno-omit-frame-pointer" "-m64" "-I" "rocksdb/include/" "-I" "rocksdb/" "-I" "rocksdb/third-party/gtest-1.8.1/fused-src/" "-I" "snappy/" "-I" "lz4/lib/" "-I" "zstd/lib/" "-I" "zstd/lib/dictBuilder/" "-I" "zlib/" "-I" "bzip2/" "-I" "." "-Wall" "-Wextra" "-std=c++11" "-Wno-unused-parameter" "-msse2" "-msse4.1" "-msse4.2" "-mpclmul" "-DSNAPPY=1" "-DLZ4=1" "-DZSTD=1" "-DZLIB=1" "-DBZIP2=1" "-DNDEBUG=1" "-DHAVE_SSE42=1" "-DHAVE_PCLMUL=1" "-DOS_LINUX=1" "-DROCKSDB_PLATFORM_POSIX=1" "-DROCKSDB_LIB_IO_POSIX=1" "-o" "/opt/rustwide/target/debug/build/librocksdb-sys-6178fb638a737fdb/out/rocksdb/db/blob/blob_file_meta.o" "-c" "rocksdb/db/blob/blob_file_meta.cc"
[INFO] [stderr]   running: "c++" "-O0" "-ffunction-sections" "-fdata-sections" "-fPIC" "-g" "-fno-omit-frame-pointer" "-m64" "-I" "rocksdb/include/" "-I" "rocksdb/" "-I" "rocksdb/third-party/gtest-1.8.1/fused-src/" "-I" "snappy/" "-I" "lz4/lib/" "-I" "zstd/lib/" "-I" "zstd/lib/dictBuilder/" "-I" "zlib/" "-I" "bzip2/" "-I" "." "-Wall" "-Wextra" "-std=c++11" "-Wno-unused-parameter" "-msse2" "-msse4.1" "-msse4.2" "-mpclmul" "-DSNAPPY=1" "-DLZ4=1" "-DZSTD=1" "-DZLIB=1" "-DBZIP2=1" "-DNDEBUG=1" "-DHAVE_SSE42=1" "-DHAVE_PCLMUL=1" "-DOS_LINUX=1" "-DROCKSDB_PLATFORM_POSIX=1" "-DROCKSDB_LIB_IO_POSIX=1" "-o" "/opt/rustwide/target/debug/build/librocksdb-sys-6178fb638a737fdb/out/rocksdb/db/builder.o" "-c" "rocksdb/db/builder.cc"
[INFO] [stderr]   running: "c++" "-O0" "-ffunction-sections" "-fdata-sections" "-fPIC" "-g" "-fno-omit-frame-pointer" "-m64" "-I" "rocksdb/include/" "-I" "rocksdb/" "-I" "rocksdb/third-party/gtest-1.8.1/fused-src/" "-I" "snappy/" "-I" "lz4/lib/" "-I" "zstd/lib/" "-I" "zstd/lib/dictBuilder/" "-I" "zlib/" "-I" "bzip2/" "-I" "." "-Wall" "-Wextra" "-std=c++11" "-Wno-unused-parameter" "-msse2" "-msse4.1" "-msse4.2" "-mpclmul" "-DSNAPPY=1" "-DLZ4=1" "-DZSTD=1" "-DZLIB=1" "-DBZIP2=1" "-DNDEBUG=1" "-DHAVE_SSE42=1" "-DHAVE_PCLMUL=1" "-DOS_LINUX=1" "-DROCKSDB_PLATFORM_POSIX=1" "-DROCKSDB_LIB_IO_POSIX=1" "-o" "/opt/rustwide/target/debug/build/librocksdb-sys-6178fb638a737fdb/out/rocksdb/db/c.o" "-c" "rocksdb/db/c.cc"
[INFO] [stderr]   running: "c++" "-O0" "-ffunction-sections" "-fdata-sections" "-fPIC" "-g" "-fno-omit-frame-pointer" "-m64" "-I" "rocksdb/include/" "-I" "rocksdb/" "-I" "rocksdb/third-party/gtest-1.8.1/fused-src/" "-I" "snappy/" "-I" "lz4/lib/" "-I" "zstd/lib/" "-I" "zstd/lib/dictBuilder/" "-I" "zlib/" "-I" "bzip2/" "-I" "." "-Wall" "-Wextra" "-std=c++11" "-Wno-unused-parameter" "-msse2" "-msse4.1" "-msse4.2" "-mpclmul" "-DSNAPPY=1" "-DLZ4=1" "-DZSTD=1" "-DZLIB=1" "-DBZIP2=1" "-DNDEBUG=1" "-DHAVE_SSE42=1" "-DHAVE_PCLMUL=1" "-DOS_LINUX=1" "-DROCKSDB_PLATFORM_POSIX=1" "-DROCKSDB_LIB_IO_POSIX=1" "-o" "/opt/rustwide/target/debug/build/librocksdb-sys-6178fb638a737fdb/out/rocksdb/db/arena_wrapped_db_iter.o" "-c" "rocksdb/db/arena_wrapped_db_iter.cc"
[INFO] [stderr]   running: "c++" "-O0" "-ffunction-sections" "-fdata-sections" "-fPIC" "-g" "-fno-omit-frame-pointer" "-m64" "-I" "rocksdb/include/" "-I" "rocksdb/" "-I" "rocksdb/third-party/gtest-1.8.1/fused-src/" "-I" "snappy/" "-I" "lz4/lib/" "-I" "zstd/lib/" "-I" "zstd/lib/dictBuilder/" "-I" "zlib/" "-I" "bzip2/" "-I" "." "-Wall" "-Wextra" "-std=c++11" "-Wno-unused-parameter" "-msse2" "-msse4.1" "-msse4.2" "-mpclmul" "-DSNAPPY=1" "-DLZ4=1" "-DZSTD=1" "-DZLIB=1" "-DBZIP2=1" "-DNDEBUG=1" "-DHAVE_SSE42=1" "-DHAVE_PCLMUL=1" "-DOS_LINUX=1" "-DROCKSDB_PLATFORM_POSIX=1" "-DROCKSDB_LIB_IO_POSIX=1" "-o" "/opt/rustwide/target/debug/build/librocksdb-sys-6178fb638a737fdb/out/rocksdb/db/blob/blob_log_reader.o" "-c" "rocksdb/db/blob/blob_log_reader.cc"
[INFO] [stderr]   running: "c++" "-O0" "-ffunction-sections" "-fdata-sections" "-fPIC" "-g" "-fno-omit-frame-pointer" "-m64" "-I" "rocksdb/include/" "-I" "rocksdb/" "-I" "rocksdb/third-party/gtest-1.8.1/fused-src/" "-I" "snappy/" "-I" "lz4/lib/" "-I" "zstd/lib/" "-I" "zstd/lib/dictBuilder/" "-I" "zlib/" "-I" "bzip2/" "-I" "." "-Wall" "-Wextra" "-std=c++11" "-Wno-unused-parameter" "-msse2" "-msse4.1" "-msse4.2" "-mpclmul" "-DSNAPPY=1" "-DLZ4=1" "-DZSTD=1" "-DZLIB=1" "-DBZIP2=1" "-DNDEBUG=1" "-DHAVE_SSE42=1" "-DHAVE_PCLMUL=1" "-DOS_LINUX=1" "-DROCKSDB_PLATFORM_POSIX=1" "-DROCKSDB_LIB_IO_POSIX=1" "-o" "/opt/rustwide/target/debug/build/librocksdb-sys-6178fb638a737fdb/out/rocksdb/db/column_family.o" "-c" "rocksdb/db/column_family.cc"
[INFO] [stderr]   exit status: 0
[INFO] [stderr]   running: "c++" "-O0" "-ffunction-sections" "-fdata-sections" "-fPIC" "-g" "-fno-omit-frame-pointer" "-m64" "-I" "rocksdb/include/" "-I" "rocksdb/" "-I" "rocksdb/third-party/gtest-1.8.1/fused-src/" "-I" "snappy/" "-I" "lz4/lib/" "-I" "zstd/lib/" "-I" "zstd/lib/dictBuilder/" "-I" "zlib/" "-I" "bzip2/" "-I" "." "-Wall" "-Wextra" "-std=c++11" "-Wno-unused-parameter" "-msse2" "-msse4.1" "-msse4.2" "-mpclmul" "-DSNAPPY=1" "-DLZ4=1" "-DZSTD=1" "-DZLIB=1" "-DBZIP2=1" "-DNDEBUG=1" "-DHAVE_SSE42=1" "-DHAVE_PCLMUL=1" "-DOS_LINUX=1" "-DROCKSDB_PLATFORM_POSIX=1" "-DROCKSDB_LIB_IO_POSIX=1" "-o" "/opt/rustwide/target/debug/build/librocksdb-sys-6178fb638a737fdb/out/rocksdb/db/compaction/compaction_iterator.o" "-c" "rocksdb/db/compaction/compaction_iterator.cc"
[INFO] [stderr]   exit status: 0
[INFO] [stderr]   running: "c++" "-O0" "-ffunction-sections" "-fdata-sections" "-fPIC" "-g" "-fno-omit-frame-pointer" "-m64" "-I" "rocksdb/include/" "-I" "rocksdb/" "-I" "rocksdb/third-party/gtest-1.8.1/fused-src/" "-I" "snappy/" "-I" "lz4/lib/" "-I" "zstd/lib/" "-I" "zstd/lib/dictBuilder/" "-I" "zlib/" "-I" "bzip2/" "-I" "." "-Wall" "-Wextra" "-std=c++11" "-Wno-unused-parameter" "-msse2" "-msse4.1" "-msse4.2" "-mpclmul" "-DSNAPPY=1" "-DLZ4=1" "-DZSTD=1" "-DZLIB=1" "-DBZIP2=1" "-DNDEBUG=1" "-DHAVE_SSE42=1" "-DHAVE_PCLMUL=1" "-DOS_LINUX=1" "-DROCKSDB_PLATFORM_POSIX=1" "-DROCKSDB_LIB_IO_POSIX=1" "-o" "/opt/rustwide/target/debug/build/librocksdb-sys-6178fb638a737fdb/out/rocksdb/db/compaction/compaction_job.o" "-c" "rocksdb/db/compaction/compaction_job.cc"
[INFO] [stderr]   cargo:warning=c++: fatal error: Killed signal terminated program cc1plus
[INFO] [stderr]   cargo:warning=compilation terminated.
[INFO] [stderr]   exit status: 1
[INFO] [stderr]   running: "c++" "-O0" "-ffunction-sections" "-fdata-sections" "-fPIC" "-g" "-fno-omit-frame-pointer" "-m64" "-I" "rocksdb/include/" "-I" "rocksdb/" "-I" "rocksdb/third-party/gtest-1.8.1/fused-src/" "-I" "snappy/" "-I" "lz4/lib/" "-I" "zstd/lib/" "-I" "zstd/lib/dictBuilder/" "-I" "zlib/" "-I" "bzip2/" "-I" "." "-Wall" "-Wextra" "-std=c++11" "-Wno-unused-parameter" "-msse2" "-msse4.1" "-msse4.2" "-mpclmul" "-DSNAPPY=1" "-DLZ4=1" "-DZSTD=1" "-DZLIB=1" "-DBZIP2=1" "-DNDEBUG=1" "-DHAVE_SSE42=1" "-DHAVE_PCLMUL=1" "-DOS_LINUX=1" "-DROCKSDB_PLATFORM_POSIX=1" "-DROCKSDB_LIB_IO_POSIX=1" "-o" "/opt/rustwide/target/debug/build/librocksdb-sys-6178fb638a737fdb/out/rocksdb/db/compaction/compaction_picker.o" "-c" "rocksdb/db/compaction/compaction_picker.cc"
[INFO] [stderr]   exit status: 0
[INFO] [stderr]   exit status: 0
[INFO] [stderr]   exit status: 0
[INFO] [stderr]   cargo:warning=c++: fatal error: Killed signal terminated program cc1plus
[INFO] [stderr]   cargo:warning=compilation terminated.
[INFO] [stderr]   exit status: 1
[INFO] [stderr]   cargo:warning=c++: fatal error: Killed signal terminated program cc1plus
[INFO] [stderr]   cargo:warning=compilation terminated.
[INFO] [stderr]   exit status: 1
[INFO] [stderr]   exit status: 0
[INFO] [stderr]   exit status: 0
[INFO] [stderr]   exit status: 0
[INFO] [stderr]   cargo:warning=c++: fatal error: Killed signal terminated program cc1plus
[INFO] [stderr]   cargo:warning=compilation terminated.
[INFO] [stderr]   exit status: 1
[INFO] [stderr]   exit status: 0
[INFO] [stderr]   exit status: 0
[INFO] [stderr]   exit status: 0
[INFO] [stderr]   exit status: 0
[INFO] [stderr]   exit status: 0
[INFO] [stderr]   exit status: 0
[INFO] [stderr]   exit status: 0
[INFO] [stderr] 
[INFO] [stderr]   --- stderr
[INFO] [stderr]   error: 'rustfmt' is not installed for the toolchain 'ff34b919075f35a1787659e9c448a34b06bab8de'
[INFO] [stderr]   note: this is a custom toolchain, which cannot use `rustup component add`
[INFO] [stderr]   help: if you built this toolchain from source, and used `rustup toolchain link`, then you may be able to build the component with `x.py`
[INFO] [stderr]   Failed to run rustfmt: Internal rustfmt error (non-fatal, continuing)
[INFO] [stderr] 
[INFO] [stderr] 
[INFO] [stderr]   error occurred: Command "c++" "-O0" "-ffunction-sections" "-fdata-sections" "-fPIC" "-g" "-fno-omit-frame-pointer" "-m64" "-I" "rocksdb/include/" "-I" "rocksdb/" "-I" "rocksdb/third-party/gtest-1.8.1/fused-src/" "-I" "snappy/" "-I" "lz4/lib/" "-I" "zstd/lib/" "-I" "zstd/lib/dictBuilder/" "-I" "zlib/" "-I" "bzip2/" "-I" "." "-Wall" "-Wextra" "-std=c++11" "-Wno-unused-parameter" "-msse2" "-msse4.1" "-msse4.2" "-mpclmul" "-DSNAPPY=1" "-DLZ4=1" "-DZSTD=1" "-DZLIB=1" "-DBZIP2=1" "-DNDEBUG=1" "-DHAVE_SSE42=1" "-DHAVE_PCLMUL=1" "-DOS_LINUX=1" "-DROCKSDB_PLATFORM_POSIX=1" "-DROCKSDB_LIB_IO_POSIX=1" "-o" "/opt/rustwide/target/debug/build/librocksdb-sys-6178fb638a737fdb/out/rocksdb/db/arena_wrapped_db_iter.o" "-c" "rocksdb/db/arena_wrapped_db_iter.cc" with args "c++" did not execute successfully (status code exit status: 1).
[INFO] [stderr] 
[INFO] [stderr] 
[INFO] running `Command { std: "docker" "inspect" "f7e912de45e0b5400eb526481eb24f9bc9edabb83cd5bd2161d34b5d4585b2e8", kill_on_drop: false }`
[INFO] running `Command { std: "docker" "rm" "-f" "f7e912de45e0b5400eb526481eb24f9bc9edabb83cd5bd2161d34b5d4585b2e8", kill_on_drop: false }`
[INFO] [stdout] f7e912de45e0b5400eb526481eb24f9bc9edabb83cd5bd2161d34b5d4585b2e8
